((-2)/30). Suppose g = -n - 4, -2*g + 13 = n - f*n. Let b be -33*(1/n + 0). What is the highest common factor of 1 and b?
1
Suppose 3*v - 144 = -6. Let p = 71 - v. Calculate the highest common factor of p and 10.
5
Suppose 231 = 7*c - 4*c. Let m = -11 - -51. Suppose m*t - 7 = 39*t. Calculate the greatest common factor of c and t.
7
Let l(k) = 5*k - 15. Let z be l(7). Let h = 16 - z. Let t(i) = -2*i - 5. Let a be t(h). What is the greatest common factor of a and 3?
3
Let u(a) = -a**2 - 231*a - 5458. Let n be u(-27). Let y = -125 - -200. What is the greatest common divisor of n and y?
25
Let l be 73 + (-12)/2 + 8. Suppose -2*f + 0 + 4 = 0. Suppose -f*y - 3 + 33 = 0. Calculate the greatest common factor of y and l.
15
Let x = -845 - -847. What is the greatest common divisor of 86 and x?
2
Suppose 148*r = 216 + 4816. What is the greatest common divisor of 2278 and r?
34
Suppose -3*p = -48 - 27. Suppose p = 5*n - 3*f, 4*n + 0*f - f = 13. Let x(d) = d**2 - 10*d + 10. Let r be x(10). What is the highest common factor of n and r?
2
Let t(j) = -j + 7. Let y be t(3). Suppose -y*i - 5 + 25 = 0. Calculate the highest common factor of 5 and i.
5
Let t be (-34)/119 + (-702)/(-7). What is the greatest common divisor of t and 40?
20
Suppose 4*l = 2*i + 18, -4*i - l = -0*l - 9. Let z be 2/(2/16*4). Suppose -z = h - 5*h. Calculate the greatest common divisor of h and i.
1
Suppose 2*o - 5 = 7. Let z(x) = -2*x**2 + 9*x - 3. Let k be z(3). Calculate the greatest common divisor of o and k.
6
Suppose -4*u + 5*s + 18 = 0, -4*s - 8 + 2 = u. Let x = -207 - -272. Suppose 5*q + 39 = 3*k + u*q, 5*k - x = q. What is the highest common divisor of 13 and k?
13
Let s be -1 + (0 - 119)*-1. Calculate the greatest common factor of s and 2478.
118
Let g(o) = 2*o - 12. Let b be g(12). Suppose -132 = -i - b. Calculate the greatest common divisor of i and 24.
24
Suppose 0*i + 176 = 4*i. What is the highest common factor of i and 99?
11
Suppose -t + 2*p + 20 = 0, p + 5 = 4. Suppose 2*r + 6 = 0, 3*r = -9*q + 4*q + 801. What is the highest common divisor of t and q?
18
Let n = -1574 + 2388. Calculate the greatest common factor of n and 22.
22
Suppose 0 = -4*g + 4*t + 69 - 21, -t - 33 = -4*g. Let q(r) = r**3 - 6*r**2 - 17*r - 13. Let z be q(9). What is the greatest common factor of z and g?
7
Let g be ((-16)/10)/((-326)/39935). Calculate the highest common divisor of g and 16.
4
Let v be 4/(-3)*((-27)/(-6) + -3). Let p be ((-5)/v)/((-2)/(-4)). Calculate the greatest common factor of 1 and p.
1
Let k = 63 + -42. Calculate the highest common factor of 63 and k.
21
Suppose d + 3 = 0, -201 = -4*f - d + 4*d. What is the greatest common factor of f and 816?
48
Suppose -4 = -4*b, -2*h - b - 274 = b. Let n = h - -154. Calculate the greatest common factor of 128 and n.
16
Let i(l) = l**2 - 42*l + 266. Let k be i(40). What is the greatest common factor of k and 6?
6
Suppose 4*n - 57 = n + i, n - 19 = 3*i. Suppose 4*w - 5 = n. What is the greatest common divisor of 36 and w?
6
Suppose -5*t + 2*a + 8 = -2*t, 3*t - 3*a = 9. Suppose 0 = -t*z + 5*v + 56, z + 0*z + 5*v + 2 = 0. Calculate the greatest common divisor of z and 36.
18
Let u be -1 + 73/1*1. Let h be ((-12)/(-14))/((-6)/(-28)). Suppose 2*s + u = h*s. What is the greatest common divisor of 12 and s?
12
Let i = -152 - 87. Let r = i + 436. Suppose 2*t + 332 = 5*l + 88, 4*l - r = t. What is the highest common divisor of 125 and l?
25
Let i be (-2 + 1)*4/(-2). Let w(d) = 21*d**3 - 2*d**2 + 2*d + 1. Let a be w(1). What is the greatest common divisor of a and i?
2
Let l = -163 + 316. Let k = l - 88. Calculate the highest common factor of 26 and k.
13
Let b(o) = 2*o**3 + 3*o**2 - 4*o - 3. Let j be b(-4). Let l = -3 - j. Let c = l + -26. Calculate the greatest common divisor of c and 95.
19
Let n(s) = 16*s - 366. Let l be n(23). Let v = -40 + 58. What is the highest common factor of v and l?
2
Let a(s) = -s + 19. Let l be a(4). Suppose -16*w + 4 = -l*w. Let z = -7 - -27. Calculate the greatest common factor of w and z.
4
Let s(q) = -42*q**3 - 4*q**2 + 2*q + 13. Let l be s(-2). Calculate the greatest common divisor of 423 and l.
47
Let s = -311 - -532. Suppose 0*j + 5*u = -3*j + s, 2*u = 3*j - 214. Calculate the highest common factor of 8 and j.
8
Suppose 42 = 2*u + 3*z, -5*z + 83 = 5*u - 27. Let x be (u/(-1))/(33/(-22)). Suppose -s = -2*s + x. Calculate the highest common divisor of 16 and s.
16
Suppose -25 = -2*d + b, -5*d + 5*b = -34 - 21. Let z(i) = -24*i + 326. Let a be z(13). What is the greatest common factor of a and d?
14
Let j(m) = 3*m + 2. Suppose 8*w - 5*w = -5*r - 20, 3*r - 12 = 3*w. Let v be j(r). Let p be (-6 + v)*(-18)/21. What is the greatest common divisor of 4 and p?
2
Suppose 515*v + 550 = 517*v. Calculate the greatest common divisor of v and 110.
55
Let c(w) = -6*w + 1. Let v = -3 - -1. Let q be c(v). What is the greatest common divisor of q and 13?
13
Suppose 3*t - 104 = -4*o + 114, 232 = 4*o - 4*t. Let w = 2 - -6. What is the greatest common factor of o and w?
8
Suppose 0*v - 8*v = -520. Suppose 4*f = 5*u + v, -2 - 27 = -f - 3*u. What is the highest common divisor of f and 140?
20
Let q = -2375 + 2405. What is the greatest common divisor of 195 and q?
15
Let z(p) = -114*p - 3. Let n be z(-1). Let m = -67 + n. Calculate the greatest common factor of m and 11.
11
Let u = 79 - 76. Suppose -u*r - 17 = -23. What is the greatest common factor of 18 and r?
2
Suppose 6*f - 154 = -5*f. Let o(y) = 12*y - 4. Let m(t) = t**2 - 5*t - 1. Let a be m(6). Let x be o(a). What is the greatest common factor of x and f?
14
Suppose 4*b = 3*j + 115, -2*b + b + 29 = -j. Suppose 7*a - 3*a = -3*s - 893, 2*s + 557 = 5*a. Let p = 543 + s. What is the greatest common divisor of b and p?
28
Suppose 2*t = 10 - 6. Let n be t*(-2)/(-8)*322. Calculate the highest common factor of n and 23.
23
Let n be 41*1 + (-44)/(-22). Let z be (-4)/24*-33*(1 + n). What is the highest common factor of 22 and z?
22
Let n(t) = 2*t - 13. Let a be n(10). Suppose 14*o = a*o + 196. What is the highest common factor of o and 28?
28
Suppose -13 = -4*v + 3, 0 = 3*g - 3*v + 33. Let p be (-4)/((-4)/14*g/(-3)). Calculate the greatest common divisor of p and 3.
3
Suppose 4*k = 4*y + 23 - 495, -3*y - 2*k = -344. What is the greatest common divisor of y and 261?
29
Let p(d) = -d**3 + 8*d**2 - 18*d - 14. Let w be p(-6). Let b be (-1)/(-5) - w/(-10). Calculate the greatest common factor of b and 80.
20
Let g(q) be the second derivative of 2*q**3/3 + 9*q**2 - 2*q. Let t be g(-12). Let j = -22 - t. What is the greatest common factor of j and 88?
8
Suppose -4*t + 927 = -j + 22, -3*t + 690 = -3*j. Let n = -3123 + 3138. What is the highest common divisor of t and n?
15
Suppose -4*n + 0 = -2*x - 130, x = 3*n - 99. What is the greatest common factor of 969 and n?
17
Suppose 61 + 543 = -j. Let d = j + 849. Let a = -82 - -117. What is the highest common divisor of a and d?
35
Let d(n) = -n**3 - 14*n**2 + 33*n + 28. Let u be d(-16). What is the greatest common divisor of u and 16?
4
Let o(b) be the second derivative of b**3/3 + 4*b. Let f be o(11). Let g be 0*1*(-3)/3 - -55. What is the highest common divisor of g and f?
11
Let v = -1 + 11. Suppose 2*s + 5*s - 49 = 0. Suppose -s*h + 840 = 5*h. What is the highest common divisor of h and v?
10
Let i = -425 + 555. Calculate the highest common factor of i and 104.
26
Let n(g) = 4*g**2 - 10*g. Let a be n(8). Suppose -86 = 9*t - 185. Calculate the highest common divisor of t and a.
11
Suppose -16*h + 93 = -563. What is the highest common factor of 369 and h?
41
Suppose -o - 3 = 4*v + 2, 2*v - 20 = 4*o. Suppose -5*z + 1164 = 3*n, v*z = z - 2*n - 225. What is the highest common factor of 21 and z?
21
Suppose -9936 = -104*h + 81*h. What is the highest common factor of 16 and h?
16
Suppose 3*j - 28 = -4*s, 0*j - 4 = j. Let c = -402 - -512. What is the greatest common factor of s and c?
10
Let i be (-10 - -4) + (3 + 0)*7. What is the highest common factor of 2355 and i?
15
Let m(i) = 6*i + 31. Let y be m(-5). What is the greatest common factor of y and 31?
1
Let m(a) = a**3 - 2*a**2 + 6*a - 6. Suppose -2*c + 10 + 0 = 0. Let l be m(c). Suppose -5 + 32 = 3*u. Calculate the greatest common divisor of u and l.
9
Suppose -2*b - 2*b = -12. Let q be (0 + -2 + b)*7.